{"id":8,"date":"2021-02-15T22:19:22","date_gmt":"2021-02-15T21:19:22","guid":{"rendered":"https:\/\/www.yakimo-ontour.de\/?page_id=8"},"modified":"2021-02-28T15:58:19","modified_gmt":"2021-02-28T14:58:19","slug":"ueber-uns","status":"publish","type":"page","link":"https:\/\/www.yakimo-ontour.de\/?page_id=8","title":{"rendered":"\u00dcber uns"},"content":{"rendered":"\n<p class=\"has-drop-cap\">Wir sind Lena, Claudi, Ubbo und Ulli und leben in einer wilden Kommune mit Friedensauftrag in Hamburg. Bei uns wohnen noch Saphira und Snorri, zwei kleine Fellkl\u00e4use die auf Grund des Gewichts und des Charakters nicht mehr wirklich als Katze durchgehen. Grunds\u00e4tzlich sind es wohl Perserhauskatzenmix und Norwegischer Waldkater-Mainecoonmix.<\/p>\n\n\n\n<figure class=\"wp-block-gallery columns-2 is-cropped wp-block-gallery-1 is-layout-flex wp-block-gallery-is-layout-flex\"><ul class=\"blocks-gallery-grid\"><li class=\"blocks-gallery-item\"><figure><img loading=\"lazy\" decoding=\"async\" width=\"1024\" height=\"768\" src=\"https:\/\/www.yakimo-ontour.de\/wp-content\/uploads\/2021\/02\/snorri-1024x768.jpg\" alt=\"\" data-id=\"72\" data-full-url=\"https:\/\/www.yakimo-ontour.de\/wp-content\/uploads\/2021\/02\/snorri.jpg\" data-link=\"https:\/\/www.yakimo-ontour.de\/?attachment_id=72\" class=\"wp-image-72\" srcset=\"https:\/\/www.yakimo-ontour.de\/wp-content\/uploads\/2021\/02\/snorri-1024x768.jpg 1024w, https:\/\/www.yakimo-ontour.de\/wp-content\/uploads\/2021\/02\/snorri-300x225.jpg 300w, https:\/\/www.yakimo-ontour.de\/wp-content\/uploads\/2021\/02\/snorri-768x576.jpg 768w, https:\/\/www.yakimo-ontour.de\/wp-content\/uploads\/2021\/02\/snorri.jpg 1280w\" sizes=\"auto, (max-width: 767px) 89vw, (max-width: 1000px) 54vw, (max-width: 1071px) 543px, 580px\" \/><figcaption class=\"blocks-gallery-item__caption\">Snorri<\/figcaption><\/figure><\/li><li class=\"blocks-gallery-item\"><figure><img loading=\"lazy\" decoding=\"async\" width=\"1024\" height=\"768\" src=\"https:\/\/www.yakimo-ontour.de\/wp-content\/uploads\/2021\/02\/saphira_sleepy-1024x768.jpg\" alt=\"\" data-id=\"71\" data-full-url=\"https:\/\/www.yakimo-ontour.de\/wp-content\/uploads\/2021\/02\/saphira_sleepy.jpg\" data-link=\"https:\/\/www.yakimo-ontour.de\/?attachment_id=71\" class=\"wp-image-71\" srcset=\"https:\/\/www.yakimo-ontour.de\/wp-content\/uploads\/2021\/02\/saphira_sleepy-1024x768.jpg 1024w, https:\/\/www.yakimo-ontour.de\/wp-content\/uploads\/2021\/02\/saphira_sleepy-300x225.jpg 300w, https:\/\/www.yakimo-ontour.de\/wp-content\/uploads\/2021\/02\/saphira_sleepy-768x576.jpg 768w, https:\/\/www.yakimo-ontour.de\/wp-content\/uploads\/2021\/02\/saphira_sleepy.jpg 1280w\" sizes=\"auto, (max-width: 767px) 89vw, (max-width: 1000px) 54vw, (max-width: 1071px) 543px, 580px\" \/><figcaption class=\"blocks-gallery-item__caption\">Saphira<\/figcaption><\/figure><\/li><\/ul><figcaption class=\"blocks-gallery-caption\">Die kleinen Fellkl\u00e4use<\/figcaption><\/figure>\n\n\n\n<p>In 2021 haben wir uns dazu entschieden einen <em>kleinen<\/em> Chow Chow in die Familie aufzunehmen. Auf diesen Seiten wollen wir Euch unser Leben mit dem kleinen Chow Chow, dessen Name unweigerlich Pummel (A.d.R gilt nur f\u00fcr Ulli) also Yakimo sein wird, erz\u00e4hlen und \u00fcber das Berichten, was uns so gemeinsam passiert.<\/p>\n\n\n\n<p>Wir w\u00fcrden uns freuen, wenn Ihr uns auf Instagram und auf TikTok folgt und ab und an  hier einen Kommentar hinterlasst.<\/p>\n","protected":false},"excerpt":{"rendered":"<p>Wir sind Lena, Claudi, Ubbo und Ulli und leben in einer wilden Kommune mit Friedensauftrag in Hamburg. Bei uns wohnen noch Saphira und Snorri, zwei kleine Fellkl\u00e4use die auf Grund des Gewichts und des Charakters nicht mehr wirklich als Katze durchgehen. Grunds\u00e4tzlich sind es wohl Perserhauskatzenmix und Norwegischer Waldkater-Mainecoonmix. In 2021 haben wir uns dazu &hellip; <\/p>\n<p class=\"link-more\"><a href=\"https:\/\/www.yakimo-ontour.de\/?page_id=8\" class=\"more-link\"><span class=\"screen-reader-text\">\u201e\u00dcber uns\u201c<\/span> weiterlesen<\/a><\/p>\n","protected":false},"author":2,"featured_media":0,"parent":0,"menu_order":0,"comment_status":"closed","ping_status":"closed","template":"","meta":{"footnotes":""},"class_list":["post-8","page","type-page","status-publish","hentry"],"_links":{"self":[{"href":"https:\/\/www.yakimo-ontour.de\/index.php?rest_route=\/wp\/v2\/pages\/8","targetHints":{"allow":["GET"]}}],"collection":[{"href":"https:\/\/www.yakimo-ontour.de\/index.php?rest_route=\/wp\/v2\/pages"}],"about":[{"href":"https:\/\/www.yakimo-ontour.de\/index.php?rest_route=\/wp\/v2\/types\/page"}],"author":[{"embeddable":true,"href":"https:\/\/www.yakimo-ontour.de\/index.php?rest_route=\/wp\/v2\/users\/2"}],"replies":[{"embeddable":true,"href":"https:\/\/www.yakimo-ontour.de\/index.php?rest_route=%2Fwp%2Fv2%2Fcomments&post=8"}],"version-history":[{"count":6,"href":"https:\/\/www.yakimo-ontour.de\/index.php?rest_route=\/wp\/v2\/pages\/8\/revisions"}],"predecessor-version":[{"id":75,"href":"https:\/\/www.yakimo-ontour.de\/index.php?rest_route=\/wp\/v2\/pages\/8\/revisions\/75"}],"wp:attachment":[{"href":"https:\/\/www.yakimo-ontour.de\/index.php?rest_route=%2Fwp%2Fv2%2Fmedia&parent=8"}],"curies":[{"name":"wp","href":"https:\/\/api.w.org\/{rel}","templated":true}]}}